se -4*y + 2 = v, 0 = v - 4*y - 46 + 12. Calculate the greatest common divisor of v and 1161.
9
Let h(p) = p**2 + 6*p + 7. Let n be h(-6). Suppose 2*m - 18 = 4*x - 7*x, 2*x - 5*m + n = 0. Let f = x + 156. Calculate the greatest common factor of 20 and f.
20
Let u = 4124 - 3753. What is the highest common divisor of u and 1219?
53
Suppose -10033 = -125*q + 26092. Suppose 2*p - 51 = -p. What is the highest common divisor of q and p?
17
Suppose 62*i + 19977 - 454163 = 0. Calculate the greatest common factor of i and 47.
47
Suppose -52 - 43 = -5*a + 5*q, 0 = -2*q + 10. Suppose l - 7*p + 4*p - a = 0, 0 = 5*l - 4*p - 164. What is the greatest common factor of 4 and l?
4
Suppose -5*z - 4*j + 23 = -17, -z + 9 = j. Suppose -39 = z*n - 247. What is the highest common divisor of n and 572?
52
Let y = 13 - -32. Let o be y/((-30)/(-6))*42/9. Calculate the highest common factor of o and 56.
14
Suppose 0 = -6*a + 144 + 2160. Let t(b) = b**2 - 29*b - 272. Let x be t(-8). What is the highest common divisor of a and x?
24
Suppose -3*d + 0*p + 135 = 5*p, d + 3*p = 41. Suppose 366 = 20*h + 46. Let y be ((-12)/h)/(1/(-100)). Calculate the highest common factor of y and d.
25
Suppose -4*d = -5*j + 267, -3*d + 2*d + 2 = 0. Let b = -72 + 171. Calculate the greatest common divisor of j and b.
11
Suppose 5*y = -5*l + 25, -2*l = -2*y + 3*l - 11. Suppose -y*q + 4 = 10. Let z be 13 - (7 + q + 0). What is the highest common divisor of z and 36?
9
Let q be (1700/119)/(4/14). Suppose 0 = 4*y + j - 102, -5*j + 10 + q = 2*y. Let w = -438 - -663. Calculate the highest common divisor of w and y.
25
Let s(y) = y**2 + 72. Let m be s(0). Let a = 49 - 40. Let k be a/(-6) - 5/(20/(-42)). Calculate the highest common factor of k and m.
9
Let s(n) = -27*n**2 - 2105*n - 90. Let w be s(-74). Calculate the greatest common factor of w and 304.
76
Let z be -79 - -71 - (2 - 735). Calculate the greatest common divisor of z and 232.
29
Let n = -19 - -50. Let j = 29 - n. Let l = j - -9. Calculate the highest common factor of 1 and l.
1
Let t = -23 + 71. Suppose 6*p = 15*p - 765. Let d = 109 - p. Calculate the highest common divisor of t and d.
24
Let a(y) = -11*y. Let g be a(-3). Let x = -1095 + 1014. Let d be (-15)/(-9) - 108/x. Calculate the greatest common factor of d and g.
3
Let u = -1139 - -1184. What is the highest common factor of 18 and u?
9
Let x(y) be the first derivative of -30*y**2 + 3*y + 112. Let w be x(-1). Calculate the greatest common divisor of w and 189.
63
Let z be (8/2)/((-511)/(-504) - 1). Let c be 0 - 4*(-2 + 1). Suppose c*d = -7*d + 396. What is the greatest common divisor of d and z?
36
Let a be 2/(-8)*-2 + (-2675)/(-50). What is the greatest common factor of a and 282?
6
Suppose 2*r = 3*r, -4*q + 444 = -5*r. Let j be ((-40)/(-28) - 1)/(156/1092). What is the greatest common divisor of q and j?
3
Suppose -2*q - 20 = -28. Suppose n = -n - 5*l + 38, -n + 25 = q*l. What is the highest common divisor of n and 243?
9
Suppose 1667*v = 1633*v + 15028. What is the highest common divisor of v and 918?
34
Let n be ((-42)/(-4))/1*604/6. Suppose o + 273 = n. Calculate the greatest common factor of 49 and o.
49
Suppose -62 + 1302 = 8*f. Let s = 340 - f. What is the greatest common factor of 74 and s?
37
Let j(n) = -81*n**3 + n + 2. Let s be j(-1). Let k be 2/((-16)/(-216))*s/6. Calculate the highest common divisor of 9 and k.
9
Suppose -296 - 694 = -5*i. Suppose 5*c - 2*o = 10*c - i, 2*o + 106 = 3*c. What is the highest common factor of c and 95?
19
Let h = 75 - 51. Let m = 8920 - 8624. What is the highest common factor of h and m?
8
Let c = -16712 - -16823. Calculate the highest common divisor of 481 and c.
37
Suppose 41*u - 42*u = -28. Suppose 33*m - 85 = u*m. Let k = 46 - -39. Calculate the highest common divisor of m and k.
17
Let h be (-4)/((-12)/(-9)) + (-7200)/(-96). Calculate the greatest common factor of h and 3816.
72
Suppose 402*q - 13332 = -5*h + 405*q, 0 = q + 4. What is the greatest common factor of 54 and h?
18
Let t(r) = 2*r - 11. Let u be t(17). Let y be (-46)/(-3)*3/2. What is the highest common divisor of y and u?
23
Let c(u) = 3*u + 46. Let n be c(-32). Let x = n + 149. Let a(h) = 2*h**2 + 2*h - 7. Let i be a(-5). What is the greatest common divisor of i and x?
33
Suppose -11 = b - 0. Let m(r) be the first derivative of -2*r**3/3 - 23*r**2/2 + 13*r - 392. Let v be m(b). What is the highest common divisor of 6 and v?
6
Let z(h) = -h - 15. Let r be z(-18). Let u be 1/r*9 - -19. Suppose 0 = -3*q + 2*q + 2. What is the highest common divisor of u and q?
2
Let b be -2 - (1 - (2 + 15)). Let n(i) = i**2 - 12*i - 67. Let j be n(16). Let l be ((-28)/j)/(235/45 + -5). What is the highest common divisor of l and b?
14
Let j(v) = 3*v**2 + 253*v + 129. Let q be j(-100). Calculate the greatest common factor of q and 77.
11
Suppose -4*s + 46 = -b - 0*b, 0 = -2*b - 2*s - 92. Let c = b + 286. What is the highest common factor of 16 and c?
16
Suppose 284*n - 114*n - 4016 = 5504. Let f be 2 + -47*(2 - 1). Let u be -5*3/(f/42). Calculate the highest common factor of n and u.
14
Suppose -k = 2*w - 214, -145*w + 146*w + 3*k = 117. Calculate the greatest common divisor of w and 693.
21
Let t = 12073 + -10145. Calculate the highest common factor of t and 16.
8
Let i(p) = -22*p - 28*p - 22*p + 65*p. Let r be i(-6). Calculate the greatest common divisor of r and 210.
42
Let y = -1038 - -1222. Calculate the greatest common divisor of 136 and y.
8
Let l = 2024 - 2012. Calculate the greatest common divisor of 762 and l.
6
Let v be 195/2 - 159/106. Suppose -3*f = -y - 0 - 4, -4*y = -f + 16. Let b be 8 - -1 - 12/y. Calculate the highest common divisor of b and v.
12
Suppose 0 = -2*q + j + 832, -j + 3*j = 4. Let z be 1 + q + (-128)/(-16). Calculate the highest common factor of z and 71.
71
Let f be 1*2 + (-4 - (-2 - 171)). Let g be f + (0 - -1)/(1/(-3)). What is the greatest common divisor of 42 and g?
42
Suppose 16*p - 11*p - 175 = 0. Suppose -p*g = -12*g - 575. What is the greatest common factor of g and 15?
5
Let m = -156 - -157. Let b be (((-20)/6)/5)/(m/(-198)). What is the greatest common divisor of b and 33?
33
Let m(p) be the second derivative of -p**5/20 - 5*p**4/12 + 35*p**3/6 + 7*p**2/2 - 13*p. Let g be m(-9). What is the highest common divisor of g and 48?
16
Let j be 21*(-8)/(-24) + 9. Let u(h) = -h**2 + 18*h + 66. Let p be u(j). What is the highest common divisor of 14 and p?
14
Suppose -2*s + 20 = 3*s + 4*i, -5*i = -s + 33. Suppose -41*q + 2973 = -29909. Let o = q + -674. Calculate the highest common factor of s and o.
8
Let p(l) = l**3 - 4*l + 35. Let b be p(0). Calculate the greatest common divisor of 3605 and b.
35
Let s(x) = -x**3 - 4*x**2 + 15*x + 28. Suppose 4*h = -0*a + 2*a - 2, 0 = -2*a - 4*h - 30. Let d be s(a). Calculate the greatest common divisor of d and 6.
2
Let x be 4*26/(1 + 0). Let t = -705 - -755. Suppose -t*o = 4*o - 1404. Calculate the greatest common factor of x and o.
26
Let l(i) = -3*i + 50. Let z be l(-10). Suppose -57*u + 53*u + z = 0. What is the greatest common factor of 8 and u?
4
Let j(c) = -10*c**2 + 95*c - 24. Let m be j(9). What is the greatest common divisor of m and 3885?
21
Suppose -4*i = -18 + 2. Suppose i*k - 41 = -29. Suppose -2*q - 3*f - 45 = -5*q, 2*f - 55 = -k*q. Calculate the greatest common factor of 187 and q.
17
Suppose -19*o + 105 + 2289 = 0. Suppose -4*p + 370 = -o. What is the highest common divisor of p and 31?
31
Let x(h) = -51*h + 18*h + 16*h - 82 + 19*h + 8*h. Let d be x(9). Calculate the greatest common factor of d and 104.
8
Suppose -2108 = 6*j + 664. Let k = -318 - j. Calculate the greatest common divisor of k and 9.
9
Let s be (-1)/(-4) + 1676/16. Suppose -2*j + 5 = 15. Let y be 149/7 + j*6/105. Calculate the greatest common factor of s and y.
21
Suppose 0 = 21*r - 45 - 39. Suppose -3*c - 863 = -4*s, 13*s - 1071 = 8*s - r*c. What is the highest common factor of 43 and s?
43
Suppose -j + 588 = 2*i, -1206 = -4*i - 80*j + 83*j. Calculate the greatest common factor of i and 473.
11
Suppose -y - 3*j = 25, 4*y + 2*j + 84 = 6*j. Let d be (y/(-10))/((-46)/(-2990)). What is the highest common divisor of 13 and d?
13
Suppose 5*k = -6 + 1, 4*a - 2*k - 90 = 0. Suppose 6088*u - 5838*u - 2000 = 0. What is the greatest common divisor 